= z + 102. What is the remainder when d(3) is divided by j?
21
Suppose -8*h + 5*h = 0. Suppose h = -i - 0*i + 36. Suppose 4*k - 7*k + 426 = 0. What is the remainder when k is divided by i?
34
Let q(x) = -16*x**3 + 165*x**2 - 119*x + 1046. Suppose -146 = -2*k - 2. What is the remainder when q(10) is divided by k?
68
Suppose 0 = 10*y - 15*y + 4*v + 11572, -4*v = -28. What is the remainder when y is divided by 145?
0
Let h = -474 + 468. What is the remainder when 145 is divided by 6*4/h + 34?
25
Let z(d) = -2*d + 7. Let g be z(8). Let y be 7*g/42*-4. What is the remainder when (-3)/(3/(-2))*(15 - y) is divided by 10?
8
Let n(f) = -f**2 - 9*f - 19. Let q be n(-8). Let b = 10 - q. Suppose 96 - b = 3*a. Calculate the remainder when 45 is divided by a.
20
Suppose 1019*c + 22608 = 1043*c. What is the remainder when c is divided by 74?
54
Suppose -127*y = 297*y - 23320. What is the remainder when 12919 is divided by y?
49
Suppose -5*j + 7*v = 10*v - 4, -4*j = 5*v + 2. What is the remainder when (580/16 - j) + 7/(-28) is divided by 18?
16
Suppose 5*l = -4*v + 28279, -14146 = -2*v + 37*l - 33*l. Calculate the remainder when v is divided by 25.
21
Let r be 5004/51 - (-2)/(-17). Let n = r + -59. Suppose 2*z - 5*z = -n. What is the remainder when 64 is divided by z?
12
Suppose -14*a + 197 + 209 = 0. What is the remainder when 36 is divided by a?
7
Suppose 0 = 2*c - 4*c + 60. Calculate the remainder when 130300/550 + (-2)/(-22) is divided by c.
27
Let v be ((-16)/5)/(1/(-10)). Let s = v - -89. Suppose 3*w - s = -19. What is the remainder when w is divided by 19?
15
Suppose 5487 = 41*c - 89. Calculate the remainder when 2169 is divided by c.
129
Let y = -2903 - -2918. What is the remainder when 1664 is divided by y?
14
Let z(x) = x**3 + 21*x**2 - 47*x + 23. What is the remainder when 179 is divided by z(-23)?
41
Calculate the remainder when 2298 is divided by (-2)/7 + (-3097)/(-133).
21
Let a(v) = v**3 + 33*v**2 + 25*v - 53. What is the remainder when 851 is divided by a(-32)?
167
Suppose -7*p + 2*p = -5*y - 150, 85 = 2*p + 3*y. What is the remainder when ((-21)/p)/((-529)/(-265) + -2) is divided by 32?
31
Let c be 390/6 + (-3 + -1)/(-4). What is the remainder when 191 is divided by (-3 - -6)/(9/c)?
15
Let j = 33493 + -33477. What is the remainder when 141 is divided by j?
13
Suppose 4*l = 4, 4*m - 350 = -m - 5*l. Suppose 27*b - 24*b + 120 = 0. Calculate the remainder when m is divided by (-540)/b + 3/6.
13
Let u(q) = q**3 - 4*q**2 + 4*q - 1. Let i be u(3). Suppose i*z - 4*z + 4 = 0. Suppose -z*j + 32 = 2*j. What is the remainder when 15 is divided by j?
7
Suppose -67*r = 11*r + 14*r - 9384. What is the remainder when 13463 is divided by r?
101
Let s be (1 + 0)*250*1. Suppose -3*n + s = h, -332 = -4*n - 4*h + 3*h. Calculate the remainder when n is divided by 3*(-32)/8 + 40.
26
Let r = -122 + 133. Suppose -2*q + 34 = -o + 2*o, -4*o + 156 = -2*q. Calculate the remainder when o is divided by r.
5
Suppose 4154 = -11*r + 524. Let m = r + 334. Calculate the remainder when (-3)/2*(-102)/9 is divided by m.
1
Let f(m) = 58*m**2 + 20*m + 21. Calculate the remainder when 426 is divided by f(-1).
13
Let q(u) = -u**2 + 4*u + 10. Let p be q(5). Suppose 0 = 4*k - 3 - p. Suppose k*c = 4*g - 39 - 5, 5*c + 65 = 5*g. What is the remainder when 17 is divided by g?
8
Let k = 5 - -9. Suppose 4*t - 50 = -k. Let y = 857 - 838. Calculate the remainder when y is divided by t.
1
Let t(m) = 2*m**3 - 2. Let j be t(2). Suppose l = 5 - j. What is the remainder when (-1138)/(-18) - (-2)/l is divided by 16?
15
Let t(b) = -170*b + 447. What is the remainder when 426 is divided by t(2)?
105
Let j be (-3)/(45/(-54) - (-1)/(-6)). Suppose -28 = j*a - 76. Let f = 14 + -5. What is the remainder when a is divided by f?
7
Suppose -28*o + 27*o + 3 = 0, -2*o + 4661 = 5*x. Calculate the remainder when x is divided by 233.
232
Let t = 122 + -82. Suppose -292 = -5*q - 172. Suppose o = r + q, 4*o = 3*r + 133 - t. Calculate the remainder when o is divided by 8.
5
Let u be (-17 - 0)/(14/(-154)). Let y = -85 + u. What is the remainder when y is divided by 53?
49
Calculate the remainder when 16832 is divided by 5 + (15 - 12 - (3 + -6)) + 82.
92
Suppose 20 = 5*z + 170. Calculate the remainder when (-100)/10*3/12*-2 is divided by (-26)/(-10) - (-18)/z.
1
Let t(w) = -10*w - w + 17 - 9 + 14. What is the remainder when t(-6) is divided by 15?
13
Suppose 53 = -28*u + 436 + 1941. Calculate the remainder when 517 is divided by u.
19
Let z = -38360 - -39136. Calculate the remainder when z is divided by 256.
8
Let n(p) = 3*p**3 + 20*p**2 - 10*p - 2. What is the remainder when n(-4) is divided by 69?
28
Let t(m) = -261*m - 2291. What is the remainder when 209 is divided by t(-9)?
35
Suppose 5*a + 1 + 14 = 0. Let d be 18*((-24)/9 - a). Calculate the remainder when 285/d*(0 - -2) is divided by 24.
23
Suppose -2*s = 5*y - 8191, 3*y + 56*s = 55*s + 4915. What is the remainder when y is divided by 807?
25
Let x = -9674 - -10346. What is the remainder when x is divided by 213?
33
Let a(j) = 2*j**2 - 11*j + 86. What is the remainder when 236 is divided by a(4)?
14
Let b = 3702 - 3647. What is the remainder when 320 is divided by b?
45
Suppose 4*g - 20 = -4*b - 0*g, 5*b = 5*g - 25. Suppose 0 = -3*r + 265 + 287. Suppose -10*z + 2*z + r = b. What is the remainder when 111 is divided by z?
19
Let y be -95*-6*2/5. Let j be ((-10)/(-40))/(3/y). What is the remainder when 33 is divided by 3 + (-4 - 1) - -1*j?
16
Let b be (5/(-7) - 40/140) + -2. Let i(f) be the third derivative of f**5/60 - 5*f**4/24 - f**3 - 2*f**2. Calculate the remainder when 106 is divided by i(b).
16
Suppose 1416 = -118*s + 3776. Let h be (-4)/8 - 1/(-2). Suppose y + 9 = 4*p - h*p, 4*p - 2*y - 6 = 0. What is the remainder when s is divided by p?
2
Let x = 35570 + -35421. Calculate the remainder when 1772 is divided by x.
133
Let q(h) = 7*h**2 + 44*h + 413. Let b(f) = 9*f**2 + 45*f + 414. Let n(r) = -3*b(r) + 4*q(r). What is the remainder when n(-33) is divided by 48?
2
Let o = -109 - -87. Let t = -6 - o. What is the remainder when 45 is divided by t?
13
Suppose 31*b = 135*b - 144035 - 41397. Calculate the remainder when b is divided by 15.
13
Let y(m) = 23*m + 13. Suppose 69*g - 70*g = -406. Calculate the remainder when g is divided by y(3).
78
Let a(h) = -3*h + 49. Let q be a(23). Let i = 3 - q. Calculate the remainder when 41/(-2)*(-1 - 3/3) is divided by i.
18
Suppose 2*h - 6 = 4*y, -5*y + 42 = h + 2*h. Let w(f) = -2*f**2 + 39. Let o be w(0). Let b = o + -15. What is the remainder when b is divided by h?
6
Let z(s) = -s + 8. Let w be (-396)/(-108) - (-4)/(-6). Calculate the remainder when 24/20 - w/15 - -38 is divided by z(-6).
11
Suppose -65*w + 4773 + 11255 + 7047 = 0. Calculate the remainder when w is divided by 64.
35
Suppose h + 52 = 2*z + 5*h, 2*h - 44 = -2*z. Suppose i - 3*i = 6, 207 = -2*q - i. Let b = -71 - q. Calculate the remainder when b is divided by z.
13
Let l(r) = 878*r + 1917. Suppose i - 3*i + 4*m + 86 = 0, 2*m = -2. Calculate the remainder when l(-2) is divided by i.
38
Let v = -1087 + 374. Let u = -701 - v. Let g = 57 + -37. What is the remainder when g is divided by u?
8
Suppose 17*k - 1995 = 6471. Calculate the remainder when k is divided by 55.
3
Suppose 23*p - 1104 = -p. Calculate the remainder when 33 is divided by ((-315)/6)/5*p/(-69).
5
Let y(t) = -15*t - 25. Let x = -155 - -151. Calculate the remainder when 243 is divided by y(x).
33
Suppose 789 = 40*g - 37*g. Calculate the remainder when g is divided by 248/279*108/4.
23
What is the remainder when 288 is divided by (183/(-2))/((-560)/(-32) + -18)?
105
Calculate the remainder when 7223 is divided by (-2)/(-20) + 3348/120.
27
Suppose -5*i - 112 = -t, -6*i + 11*i = -25. Calculate the remainder when t is divided by 7.
3
Let b(c) = 30*c + 816. Calculate the remainder when b(-9) is divided by 22.
18
Let n = -54 - -64. Let z = 3627 - 3541. Calculate the remainder when z is divided by n.
6
Let f(a) = 17*a - 253. Let m be f(15). Let t(j) = -j**3 + 2*j**2 + 7*j - 8. What is the remainder when 22 is divided by t(m)?
4
Suppose -2*y - j = -45, 3*y - j - 81 = -y. Suppose 0 = -3*m - 5*t + 18, -27*t + 24*t = -5*m - 4. Calculate the remainder when y is divided by m/(-2)*50/(-5).
1
Let n be -3 +